
4
-103 (base 7) to base 11
-48
-32 (base 16) to base 4
-302
What is -6a (base 13) in base 11?
-80
What is -9 (base 16) in base 9?
-10
What is 33 (base 11) in base 6?
100
-6 (base 13) to base 5
-11
Convert 1 (base 11) to base 8.
1
Convert -1 (base 15) to base 10.
-1
Convert 2 (base 15) to base 4.
2
What is -206 (base 7) in base 9?
-125
Convert -5 (base 9) to base 15.
-5
Convert -111 (base 7) to base 12.
-49
Convert -23 (base 4) to base 16.
-b
What is 42 (base 8) in base 16?
22
Convert -3 (base 16) to base 7.
-3
-22 (base 11) to base 14
-1a
Convert -c (base 16) to base 5.
-22
1 (base 9) to base 8
1
What is 102 (base 4) in base 2?
10010
81 (base 10) to base 3
10000
Convert -10001001 (base 2) to base 12.
-b5
Convert -10 (base 2) to base 6.
-2
What is 2220 (base 5) in base 13?
1ab
Convert -1 (base 9) to base 2.
-1
Convert -231 (base 4) to base 10.
-45
Convert 2 (base 4) to base 16.
2
Convert -36 (base 12) to base 11.
-39
-5 (base 9) to base 5
-10
Convert 42 (base 8) to base 10.
34
142 (base 6) to base 3
2022
201 (base 3) to base 16
13
Convert -1021 (base 3) to base 4.
-202
213 (base 11) to base 6
1104
What is 1 (base 8) in base 7?
1
-1 (base 5) to base 9
-1
What is 15 (base 10) in base 5?
30
Convert 13 (base 6) to base 14.
9
What is 26 (base 8) in base 10?
22
Convert -32 (base 6) to base 13.
-17
What is 14 (base 14) in base 5?
33
Convert 17 (base 9) to base 10.
16
Convert -12 (base 4) to base 14.
-6
130 (base 4) to base 14
20
What is -5 (base 15) in base 6?
-5
Convert 134 (base 8) to base 11.
84
Convert 10 (base 5) to base 8.
5
11 (base 7) to base 15
8
What is -10 (base 6) in base 2?
-110
-14 (base 5) to base 2
-1001
Convert -2 (base 9) to base 15.
-2
Convert 33 (base 4) to base 15.
10
Convert 3 (base 12) to base 13.
3
What is 18 (base 9) in base 13?
14
Convert 4 (base 9) to base 14.
4
Convert 304 (base 8) to base 16.
c4
Convert 346 (base 7) to base 5.
1211
What is 3 (base 12) in base 15?
3
3112 (base 4) to base 2
11010110
-23 (base 11) to base 15
-1a
What is -21 (base 16) in base 12?
-29
-1100 (base 2) to base 6
-20
Convert 1 (base 14) to base 6.
1
Convert 1003 (base 4) to base 16.
43
Convert -11 (base 4) to base 2.
-101
-16 (base 11) to base 14
-13
100020 (base 3) to base 11
207
What is -94 (base 11) in base 16?
-67
What is 260 (base 8) in base 2?
10110000
101111 (base 2) to base 11
43
Convert -1b (base 15) to base 9.
-28
What is 18 (base 11) in base 6?
31
Convert -1 (base 5) to base 2.
-1
Convert -6 (base 7) to base 15.
-6
Convert 131 (base 11) to base 9.
182
Convert 1 (base 8) to base 12.
1
What is -232 (base 4) in base 14?
-34
-10 (base 3) to base 8
-3
What is -3 (base 10) in base 11?
-3
What is -3 (base 10) in base 6?
-3
Convert -6 (base 11) to base 2.
-110
-24 (base 6) to base 7
-22
Convert -6 (base 7) to base 12.
-6
What is 6 (base 16) in base 13?
6
Convert 59 (base 10) to base 2.
111011
What is -29 (base 12) in base 10?
-33
-1 (base 14) to base 12
-1
What is -34 (base 11) in base 3?
-1101
What is -a (base 12) in base 5?
-20
Convert 18 (base 14) to base 7.
31
-54 (base 14) to base 6
-202
69 (base 13) to base 6
223
Convert -1 (base 3) to base 4.
-1
What is -32 (base 5) in base 4?
-101
2 (base 9) to base 8
2
-4b (base 15) to base 11
-65
What is -2 (base 11) in base 6?
-2
What is 0 (base 14) in base 7?
0
What is 1332 (base 5) in base 9?
261
20 (base 10) to base 12
18
What is 0 (base 11) in base 15?
0
15 (base 10) to base 5
30
-2 (base 13) to base 14
-2
-257 (base 9) to base 15
-e4
-2 (base 4) to base 12
-2
What is 3 (base 7) in base 10?
3
Convert -3 (base 15) to base 5.
-3
-3 (base 9) to base 6
-3
Convert 310 (base 5) to base 9.
88
What is -125 (base 7) in base 9?
-75
Convert -1 (base 6) to base 12.
-1
-1022 (base 4) to base 15
-4e
Convert 0 (base 6) to base 11.
0
Convert 3 (base 15) to base 3.
10
What is 15 (base 8) in base 16?
d
a (base 12) to base 10
10
What is 5 (base 16) in base 3?
12
What is -8 (base 13) in base 11?
-8
Convert 101 (base 4) to base 12.
15
Convert 0 (base 12) to base 10.
0
0 (base 2) to base 4
0
Convert -83 (base 16) to base 14.
-95
What is 5 (base 6) in base 10?
5
20 (base 4) to base 3
22
What is -67 (base 11) in base 10?
-73
What is -8 (base 16) in base 12?
-8
What is 14 (base 6) in base 5?
20
What is 11 (base 14) in base 7?
21
-1 (base 15) to base 13
-1
What is 6 (base 9) in base 8?
6
3 (base 7) to base 6
3
-3 (base 5) to base 13
-3
Convert 36 (base 16) to base 6.
130
-5 (base 16) to base 12
-5
-33 (base 10) to base 3
-1020
0 (base 2) to base 6
0
What is -14 (base 6) in base 10?
-10
25 (base 10) to base 15
1a
Convert 3 (base 9) to base 3.
10
Convert 110100 (base 2) to base 15.
37
Convert -13 (base 4) to base 14.
-7
-113 (base 10) to base 14
-81
What is 29 (base 14) in base 16?
25
-1024 (base 5) to base 15
-94
Convert 100 (base 5) to base 10.
25
18 (base 13) to base 9
23
What is 153 (base 6) in base 13?
54
What is 2 (base 13) in base 11?
2
What is 42 (base 5) in base 15?
17
What is 20 (base 6) in base 2?
1100
c (base 14) to base 3
110
-13 (base 8) to base 14
-b
Convert -432 (base 5) to base 7.
-225
Convert 8 (base 16) to base 14.
8
Convert 120 (base 6) to base 15.
33
Convert -1 (base 5) to base 4.
-1
8 (base 9) to base 8
10
4 (base 16) to base 4
10
5 (base 11) to base 4
11
Convert -1 (base 15) to base 13.
-1
What is a6 (base 16) in base 4?
2212
Convert -3 (base 10) to base 11.
-3
Convert -3a (base 11) to base 7.
-61
Convert -151 (base 6) to base 12.
-57
What is -102 (base 4) in base 11?
-17
What is 9 (base 13) in base 8?
11
Convert -3 (base 10) to base 4.
-3
Convert -11 (base 3) to base 15.
-4
144 (base 5) to base 2
110001
What is -20 (base 8) in base 6?
-24
Convert -49 (base 12) to base 16.
-39
What is -6 (base 8) in base 2?
-110
Convert 0 (base 10) to base 15.
0
What is 5 (base 15) in base 4?
11
Convert 1c (base 13) to base 11.
23
-13 (base 6) to base 16
-9
Convert 21 (base 7) to base 12.
13
Convert -2 (base 14) to base 3.
-2
-b1 (base 16) to base 13
-108
Convert -100011 (base 2) to base 4.
-203
Convert 1 (base 12) to base 3.
1
-124 (base 6) to base 15
-37
Convert -52 (base 6) to base 9.
-35
What is -1010010 (base 2) in base 9?
-101
-3132 (base 4) to base 16
-de
What is 2 (base 10) in base 12?
2
Convert 4 (base 8) to base 10.
4
Convert -9 (base 11) to base 8.
-11
What is 0 (base 14) in base 2?
0
What is -20 (base 4) in base 9?
-8
1 (base 12) to base 2
1
Convert 37 (base 11) to base 13.
31
a (base 16) to base 11
a
Convert 11 (base 12) to base 4.
31
-100111101 (base 2) to base 14
-189
Convert 6 (base 13) to base 2.
110
What is 3 (base 4) in base 11?
3
Convert 23 (base 12) to base 14.
1d
33 (base 7) to base 13
1b
-192 (base 12) to base 15
-11e
Convert b (base 15) to base 2.
1011
What is 7 (base 9) in base 15?
7
Convert -322 (base 9) to base 4.
-10013
Convert 16 (base 9) to base 13.
12
What is -31 (base 4) in base 2?
-1101
5 (base 11) to base 8
5
11 (base 14) to base 15
10
0 (base 5) to base 8
0
What is 11 (base 12) in base 2?
1101
What is 28 (base 16) in base 11?
37
Convert 2 (base 3) to base 7.
2
-203 (base 5) to base 6
-125
Convert -8 (base 9) to base 13.
-8
1 (base 3) to base 16
1
Convert 3 (base 10) to base 4.
3
c (base 15) to base 10
12
What is 41 (base 7) in base 5?
104
Convert -3 (base 6) to base 3.
-10
What is -1231 (base 4) in base 3?
-11001
-5 (base 13) to base 2
-101
-3 (base 9) to base 16
-3
What is 0 (base 14) in base 8?
0
2310 (base 4) to base 8
264
What is -123 (base 4) in base 15?
-1c
Convert 11 (base 2) to base 5.
3
What is -3 (base 15) in base 7?
-3
-4 (base 5) to base 11
-4
-1 (base 2) to base 13
-1
What is 3 (base 12) in base 3?
10
Convert 5 (base 15) to base 9.
5
What is 12 (base 11) in base 12?
11
Convert 322 (base 4) to base 12.
4a
-6 (base 11) to base 7
-6
What is 3 (base 6) in base 11?
3
-11 (base 6) to base 4
-13
6 (base 14) to base 8
6
What is 47 (base 11) in base 14?
39
What is 1000 (base 2) in base 8?
10
Convert -107 (base 9) to base 4.
-1120
-1232 (base 4) to base 7
-215
Convert 216 (base 8) to base 11.
11a
1 (base 7) to base 14
1
What is 5 (base 6) in base 4?
11
Convert 405 (base 7) to base 3.
21110
Convert 20 (base 5) to base 13.
a
-14 (base 6) to base 8
-12
What is 12 (base 3) in base 6?
5
1 (base 5) to base 12
1
1 (base 6) to base 8
1
What is 143 (base 9) in base 7?
231
What is -5 (